{"version":"1.0","provider_name":"iASK - Institute of Advanced Studies K\u0151szeg","provider_url":"https:\/\/archive.iask.hu\/en","author_name":"Gerg\u0151 Rozner","author_url":"https:\/\/archive.iask.hu\/en\/author\/gergo-rozneriask-hu\/","title":"Exhibition by S\u00e1ndor B\u00edr\u00f3 at the Festetics Palace - iASK - Institute of Advanced Studies K\u0151szeg","type":"rich","width":600,"height":338,"html":"<blockquote class=\"wp-embedded-content\" data-secret=\"xZ3XWoq3Eq\"><a href=\"https:\/\/archive.iask.hu\/en\/exhibition-by-sandor-biro-at-the-festetics-palace\/\">Exhibition by S\u00e1ndor B\u00edr\u00f3 at the Festetics Palace<\/a><\/blockquote><iframe sandbox=\"allow-scripts\" security=\"restricted\" src=\"https:\/\/archive.iask.hu\/en\/exhibition-by-sandor-biro-at-the-festetics-palace\/embed\/#?secret=xZ3XWoq3Eq\" width=\"600\" height=\"338\" title=\"&#8220;Exhibition by S\u00e1ndor B\u00edr\u00f3 at the Festetics Palace&#8221; &#8212; iASK - Institute of Advanced Studies K\u0151szeg\" data-secret=\"xZ3XWoq3Eq\" frameborder=\"0\" marginwidth=\"0\" marginheight=\"0\" scrolling=\"no\" class=\"wp-embedded-content\"><\/iframe><script type=\"text\/javascript\">\n\/* <![CDATA[ *\/\n\/*! This file is auto-generated *\/\n!function(d,l){\"use strict\";l.querySelector&&d.addEventListener&&\"undefined\"!=typeof URL&&(d.wp=d.wp||{},d.wp.receiveEmbedMessage||(d.wp.receiveEmbedMessage=function(e){var t=e.data;if((t||t.secret||t.message||t.value)&&!\/[^a-zA-Z0-9]\/.test(t.secret)){for(var s,r,n,a=l.querySelectorAll('iframe[data-secret=\"'+t.secret+'\"]'),o=l.querySelectorAll('blockquote[data-secret=\"'+t.secret+'\"]'),c=new RegExp(\"^https?:$\",\"i\"),i=0;i<o.length;i++)o[i].style.display=\"none\";for(i=0;i<a.length;i++)s=a[i],e.source===s.contentWindow&&(s.removeAttribute(\"style\"),\"height\"===t.message?(1e3<(r=parseInt(t.value,10))?r=1e3:~~r<200&&(r=200),s.height=r):\"link\"===t.message&&(r=new URL(s.getAttribute(\"src\")),n=new URL(t.value),c.test(n.protocol))&&n.host===r.host&&l.activeElement===s&&(d.top.location.href=t.value))}},d.addEventListener(\"message\",d.wp.receiveEmbedMessage,!1),l.addEventListener(\"DOMContentLoaded\",function(){for(var e,t,s=l.querySelectorAll(\"iframe.wp-embedded-content\"),r=0;r<s.length;r++)(t=(e=s[r]).getAttribute(\"data-secret\"))||(t=Math.random().toString(36).substring(2,12),e.src+=\"#?secret=\"+t,e.setAttribute(\"data-secret\",t)),e.contentWindow.postMessage({message:\"ready\",secret:t},\"*\")},!1)))}(window,document);\n\/* ]]> *\/\n<\/script>\n","thumbnail_url":"http:\/\/archive.iask.hu\/wp-content\/uploads\/2022\/07\/292214454_3239179889652859_324119711751002728_n.jpg","thumbnail_width":2048,"thumbnail_height":1789,"description":"&#8220;Inner Landscapes&#8221; is the title of the exhibition of painter S\u00e1ndor B\u00edr\u00f3 at the Festetics Palace. The exhibition was opened and the paintings were praised by Mikl\u00f3s Sulyok, art historian, member of the Hungarian Academy of Arts. The exhibition is open until September. Source of the photos: S\u00e1ndor B\u00edr\u00f3 Facebook page"}

iASK - Institute of Advanced Studies Kőszeg

Gergő Rozner

Exhibition by Sándor Bíró at the Festetics Palace - iASK - Institute of Advanced Studies Kőszeg

<blockquote class="wp-embedded-content" data-secret="xZ3XWoq3Eq"><a href="https://archive.iask.hu/en/exhibition-by-sandor-biro-at-the-festetics-palace/">Exhibition by Sándor Bíró at the Festetics Palace</a></blockquote><iframe sandbox="allow-scripts" security="restricted" src="https://archive.iask.hu/en/exhibition-by-sandor-biro-at-the-festetics-palace/embed/#?secret=xZ3XWoq3Eq" width="600" height="338" title="&#8220;Exhibition by Sándor Bíró at the Festetics Palace&#8221; &#8212; iASK - Institute of Advanced Studies Kőszeg" data-secret="xZ3XWoq3Eq" frameborder="0" marginwidth="0" marginheight="0" scrolling="no" class="wp-embedded-content"></iframe><script type="text/javascript">
/* <![CDATA[ */
/*! This file is auto-generated */
!function(d,l){"use strict";l.querySelector&&d.addEventListener&&"undefined"!=typeof URL&&(d.wp=d.wp||{},d.wp.receiveEmbedMessage||(d.wp.receiveEmbedMessage=function(e){var t=e.data;if((t||t.secret||t.message||t.value)&&!/[^a-zA-Z0-9]/.test(t.secret)){for(var s,r,n,a=l.querySelectorAll('iframe[data-secret="'+t.secret+'"]'),o=l.querySelectorAll('blockquote[data-secret="'+t.secret+'"]'),c=new RegExp("^https?:$","i"),i=0;i<o.length;i++)o[i].style.display="none";for(i=0;i<a.length;i++)s=a[i],e.source===s.contentWindow&&(s.removeAttribute("style"),"height"===t.message?(1e3<(r=parseInt(t.value,10))?r=1e3:~~r<200&&(r=200),s.height=r):"link"===t.message&&(r=new URL(s.getAttribute("src")),n=new URL(t.value),c.test(n.protocol))&&n.host===r.host&&l.activeElement===s&&(d.top.location.href=t.value))}},d.addEventListener("message",d.wp.receiveEmbedMessage,!1),l.addEventListener("DOMContentLoaded",function(){for(var e,t,s=l.querySelectorAll("iframe.wp-embedded-content"),r=0;r<s.length;r++)(t=(e=s[r]).getAttribute("data-secret"))||(t=Math.random().toString(36).substring(2,12),e.src+="#?secret="+t,e.setAttribute("data-secret",t)),e.contentWindow.postMessage({message:"ready",secret:t},"*")},!1)))}(window,document);
/* ]]> */
</script>

&#8220;Inner Landscapes&#8221; is the title of the exhibition of painter Sándor Bíró at the Festetics Palace. The exhibition was opened and the paintings were praised by Miklós Sulyok, art historian, member of the Hungarian Academy of Arts. The exhibition is open until September. Source of the photos: Sándor Bíró Facebook page
