{"version":"1.0","provider_name":"iASK - Institute of Advanced Studies K\u0151szeg","provider_url":"https:\/\/archive.iask.hu\/en","author_name":"Bal\u00e1zs Heged\u0171s","author_url":"https:\/\/archive.iask.hu\/en\/author\/balazs-hegedus\/","title":"Andr\u00e1s Edel\u00e9nyi - iASK - Institute of Advanced Studies K\u0151szeg","type":"rich","width":600,"height":338,"html":"<blockquote class=\"wp-embedded-content\" data-secret=\"RUta2eQLSA\"><a href=\"https:\/\/archive.iask.hu\/en\/people\/andras-edelenyi\/\">Andr\u00e1s Edel\u00e9nyi<\/a><\/blockquote><iframe sandbox=\"allow-scripts\" security=\"restricted\" src=\"https:\/\/archive.iask.hu\/en\/people\/andras-edelenyi\/embed\/#?secret=RUta2eQLSA\" width=\"600\" height=\"338\" title=\"&#8220;Andr\u00e1s Edel\u00e9nyi&#8221; &#8212; iASK - Institute of Advanced Studies K\u0151szeg\" data-secret=\"RUta2eQLSA\" frameborder=\"0\" marginwidth=\"0\" marginheight=\"0\" scrolling=\"no\" class=\"wp-embedded-content\"><\/iframe><script type=\"text\/javascript\">\n\/* <![CDATA[ *\/\n\/*! This file is auto-generated *\/\n!function(d,l){\"use strict\";l.querySelector&&d.addEventListener&&\"undefined\"!=typeof URL&&(d.wp=d.wp||{},d.wp.receiveEmbedMessage||(d.wp.receiveEmbedMessage=function(e){var t=e.data;if((t||t.secret||t.message||t.value)&&!\/[^a-zA-Z0-9]\/.test(t.secret)){for(var s,r,n,a=l.querySelectorAll('iframe[data-secret=\"'+t.secret+'\"]'),o=l.querySelectorAll('blockquote[data-secret=\"'+t.secret+'\"]'),c=new RegExp(\"^https?:$\",\"i\"),i=0;i<o.length;i++)o[i].style.display=\"none\";for(i=0;i<a.length;i++)s=a[i],e.source===s.contentWindow&&(s.removeAttribute(\"style\"),\"height\"===t.message?(1e3<(r=parseInt(t.value,10))?r=1e3:~~r<200&&(r=200),s.height=r):\"link\"===t.message&&(r=new URL(s.getAttribute(\"src\")),n=new URL(t.value),c.test(n.protocol))&&n.host===r.host&&l.activeElement===s&&(d.top.location.href=t.value))}},d.addEventListener(\"message\",d.wp.receiveEmbedMessage,!1),l.addEventListener(\"DOMContentLoaded\",function(){for(var e,t,s=l.querySelectorAll(\"iframe.wp-embedded-content\"),r=0;r<s.length;r++)(t=(e=s[r]).getAttribute(\"data-secret\"))||(t=Math.random().toString(36).substring(2,12),e.src+=\"#?secret=\"+t,e.setAttribute(\"data-secret\",t)),e.contentWindow.postMessage({message:\"ready\",secret:t},\"*\")},!1)))}(window,document);\n\/* ]]> *\/\n<\/script>\n","thumbnail_url":"http:\/\/archive.iask.hu\/wp-content\/uploads\/2020\/02\/edelenyi-andras.jpg","thumbnail_width":1000,"thumbnail_height":800,"description":"[vc_row][vc_column width=&#8221;1\/3&#8243;][vc_column_text][\/vc_column_text][\/vc_column][vc_column width=&#8221;2\/3&#8243;][vc_column_text] Member of the Employers\u2019 Group in the European Economic and Social Committee Andr\u00e1s Edel\u00e9nyi graduated as a chemical engineer from the University of Pannonia, in Veszpr\u00e9m and received his PhD in 1974. He led executive management postgraduate studies in the Dartmouth College and the Duke University, USA. He spent 21 years in&hellip;"}

iASK - Institute of Advanced Studies Kőszeg

Balázs Hegedűs

András Edelényi - iASK - Institute of Advanced Studies Kőszeg

<blockquote class="wp-embedded-content" data-secret="RUta2eQLSA"><a href="https://archive.iask.hu/en/people/andras-edelenyi/">András Edelényi</a></blockquote><iframe sandbox="allow-scripts" security="restricted" src="https://archive.iask.hu/en/people/andras-edelenyi/embed/#?secret=RUta2eQLSA" width="600" height="338" title="&#8220;András Edelényi&#8221; &#8212; iASK - Institute of Advanced Studies Kőszeg" data-secret="RUta2eQLSA" frameborder="0" marginwidth="0" marginheight="0" scrolling="no" class="wp-embedded-content"></iframe><script type="text/javascript">
/* <![CDATA[ */
/*! This file is auto-generated */
!function(d,l){"use strict";l.querySelector&&d.addEventListener&&"undefined"!=typeof URL&&(d.wp=d.wp||{},d.wp.receiveEmbedMessage||(d.wp.receiveEmbedMessage=function(e){var t=e.data;if((t||t.secret||t.message||t.value)&&!/[^a-zA-Z0-9]/.test(t.secret)){for(var s,r,n,a=l.querySelectorAll('iframe[data-secret="'+t.secret+'"]'),o=l.querySelectorAll('blockquote[data-secret="'+t.secret+'"]'),c=new RegExp("^https?:$","i"),i=0;i<o.length;i++)o[i].style.display="none";for(i=0;i<a.length;i++)s=a[i],e.source===s.contentWindow&&(s.removeAttribute("style"),"height"===t.message?(1e3<(r=parseInt(t.value,10))?r=1e3:~~r<200&&(r=200),s.height=r):"link"===t.message&&(r=new URL(s.getAttribute("src")),n=new URL(t.value),c.test(n.protocol))&&n.host===r.host&&l.activeElement===s&&(d.top.location.href=t.value))}},d.addEventListener("message",d.wp.receiveEmbedMessage,!1),l.addEventListener("DOMContentLoaded",function(){for(var e,t,s=l.querySelectorAll("iframe.wp-embedded-content"),r=0;r<s.length;r++)(t=(e=s[r]).getAttribute("data-secret"))||(t=Math.random().toString(36).substring(2,12),e.src+="#?secret="+t,e.setAttribute("data-secret",t)),e.contentWindow.postMessage({message:"ready",secret:t},"*")},!1)))}(window,document);
/* ]]> */
</script>

[vc_row][vc_column width=&#8221;1/3&#8243;][vc_column_text][/vc_column_text][/vc_column][vc_column width=&#8221;2/3&#8243;][vc_column_text] Member of the Employers’ Group in the European Economic and Social Committee András Edelényi graduated as a chemical engineer from the University of Pannonia, in Veszprém and received his PhD in 1974. He led executive management postgraduate studies in the Dartmouth College and the Duke University, USA. He spent 21 years in&hellip;
