{"version":"1.0","provider_name":"iASK - Fels\u0151bbfok\u00fa Tanulm\u00e1nyok Int\u00e9zete, K\u0151szeg","provider_url":"https:\/\/archive.iask.hu\/hu","author_name":"Gerg\u0151 Rozner","author_url":"https:\/\/archive.iask.hu\/hu\/author\/gergo-rozneriask-hu\/","title":"Neve, Mario Angelo - iASK - Fels\u0151bbfok\u00fa Tanulm\u00e1nyok Int\u00e9zete, K\u0151szeg","type":"rich","width":600,"height":338,"html":"<blockquote class=\"wp-embedded-content\" data-secret=\"PmwEjN1hhu\"><a href=\"https:\/\/archive.iask.hu\/hu\/people\/mario-angelo-neve\/\">Neve Mario Angelo<\/a><\/blockquote><iframe sandbox=\"allow-scripts\" security=\"restricted\" src=\"https:\/\/archive.iask.hu\/hu\/people\/mario-angelo-neve\/embed\/#?secret=PmwEjN1hhu\" width=\"600\" height=\"338\" title=\"&#8220;Neve Mario Angelo&#8221; &#8212; iASK - Fels\u0151bbfok\u00fa Tanulm\u00e1nyok Int\u00e9zete, K\u0151szeg\" data-secret=\"PmwEjN1hhu\" frameborder=\"0\" marginwidth=\"0\" marginheight=\"0\" scrolling=\"no\" class=\"wp-embedded-content\"><\/iframe><script type=\"text\/javascript\">\n\/* <![CDATA[ *\/\n\/*! This file is auto-generated *\/\n!function(d,l){\"use strict\";l.querySelector&&d.addEventListener&&\"undefined\"!=typeof URL&&(d.wp=d.wp||{},d.wp.receiveEmbedMessage||(d.wp.receiveEmbedMessage=function(e){var t=e.data;if((t||t.secret||t.message||t.value)&&!\/[^a-zA-Z0-9]\/.test(t.secret)){for(var s,r,n,a=l.querySelectorAll('iframe[data-secret=\"'+t.secret+'\"]'),o=l.querySelectorAll('blockquote[data-secret=\"'+t.secret+'\"]'),c=new RegExp(\"^https?:$\",\"i\"),i=0;i<o.length;i++)o[i].style.display=\"none\";for(i=0;i<a.length;i++)s=a[i],e.source===s.contentWindow&&(s.removeAttribute(\"style\"),\"height\"===t.message?(1e3<(r=parseInt(t.value,10))?r=1e3:~~r<200&&(r=200),s.height=r):\"link\"===t.message&&(r=new URL(s.getAttribute(\"src\")),n=new URL(t.value),c.test(n.protocol))&&n.host===r.host&&l.activeElement===s&&(d.top.location.href=t.value))}},d.addEventListener(\"message\",d.wp.receiveEmbedMessage,!1),l.addEventListener(\"DOMContentLoaded\",function(){for(var e,t,s=l.querySelectorAll(\"iframe.wp-embedded-content\"),r=0;r<s.length;r++)(t=(e=s[r]).getAttribute(\"data-secret\"))||(t=Math.random().toString(36).substring(2,12),e.src+=\"#?secret=\"+t,e.setAttribute(\"data-secret\",t)),e.contentWindow.postMessage({message:\"ready\",secret:t},\"*\")},!1)))}(window,document);\n\/* ]]> *\/\n<\/script>\n","thumbnail_url":"http:\/\/archive.iask.hu\/wp-content\/uploads\/2017\/12\/96_1_20161117191522_600x600.jpg","thumbnail_width":600,"thumbnail_height":600,"description":"[vc_row][vc_column width=&#8221;1\/3&#8243;][vc_column_text][\/vc_column_text][\/vc_column][vc_column width=&#8221;2\/3&#8243;][vc_column_text] Mario Neve a Bolognai Egyetem ravennai Kultur\u00e1lis \u00d6r\u00f6ks\u00e9g Tansz\u00e9k\u00e9nek f\u00f6ldrajztudom\u00e1nyi docense, ahol kultur\u00e1lis f\u00f6ldrajzot, t\u00f6rt\u00e9nelmi v\u00e1rosok \u00e9s helysz\u00ednek f\u00f6ldrajz\u00e1t, illetve a mediterr\u00e1n t\u00e9rs\u00e9g f\u00f6ldrajz\u00e1t oktatja.\u00a0 A P\u00e1rizs 8, az Urbin\u00f3i, illetve a Bolognai Egyetem \u00e1ltal koordin\u00e1lt Atlas des bords m\u00e9diterran\u00e9ens nemzetk\u00f6zi projekt kutat\u00f3 t\u00e1rsvezet\u0151je. Vend\u00e9gprofesszork\u00e9nt tev\u00e9kenykedik a vancouveri British Columbia Egyetem M\u0171v\u00e9szeti&hellip;"}

iASK - Felsőbbfokú Tanulmányok Intézete, Kőszeg

Gergő Rozner

Neve, Mario Angelo - iASK - Felsőbbfokú Tanulmányok Intézete, Kőszeg

<blockquote class="wp-embedded-content" data-secret="PmwEjN1hhu"><a href="https://archive.iask.hu/hu/people/mario-angelo-neve/">Neve Mario Angelo</a></blockquote><iframe sandbox="allow-scripts" security="restricted" src="https://archive.iask.hu/hu/people/mario-angelo-neve/embed/#?secret=PmwEjN1hhu" width="600" height="338" title="&#8220;Neve Mario Angelo&#8221; &#8212; iASK - Felsőbbfokú Tanulmányok Intézete, Kőszeg" data-secret="PmwEjN1hhu" frameborder="0" marginwidth="0" marginheight="0" scrolling="no" class="wp-embedded-content"></iframe><script type="text/javascript">
/* <![CDATA[ */
/*! This file is auto-generated */
!function(d,l){"use strict";l.querySelector&&d.addEventListener&&"undefined"!=typeof URL&&(d.wp=d.wp||{},d.wp.receiveEmbedMessage||(d.wp.receiveEmbedMessage=function(e){var t=e.data;if((t||t.secret||t.message||t.value)&&!/[^a-zA-Z0-9]/.test(t.secret)){for(var s,r,n,a=l.querySelectorAll('iframe[data-secret="'+t.secret+'"]'),o=l.querySelectorAll('blockquote[data-secret="'+t.secret+'"]'),c=new RegExp("^https?:$","i"),i=0;i<o.length;i++)o[i].style.display="none";for(i=0;i<a.length;i++)s=a[i],e.source===s.contentWindow&&(s.removeAttribute("style"),"height"===t.message?(1e3<(r=parseInt(t.value,10))?r=1e3:~~r<200&&(r=200),s.height=r):"link"===t.message&&(r=new URL(s.getAttribute("src")),n=new URL(t.value),c.test(n.protocol))&&n.host===r.host&&l.activeElement===s&&(d.top.location.href=t.value))}},d.addEventListener("message",d.wp.receiveEmbedMessage,!1),l.addEventListener("DOMContentLoaded",function(){for(var e,t,s=l.querySelectorAll("iframe.wp-embedded-content"),r=0;r<s.length;r++)(t=(e=s[r]).getAttribute("data-secret"))||(t=Math.random().toString(36).substring(2,12),e.src+="#?secret="+t,e.setAttribute("data-secret",t)),e.contentWindow.postMessage({message:"ready",secret:t},"*")},!1)))}(window,document);
/* ]]> */
</script>

[vc_row][vc_column width=&#8221;1/3&#8243;][vc_column_text][/vc_column_text][/vc_column][vc_column width=&#8221;2/3&#8243;][vc_column_text] Mario Neve a Bolognai Egyetem ravennai Kulturális Örökség Tanszékének földrajztudományi docense, ahol kulturális földrajzot, történelmi városok és helyszínek földrajzát, illetve a mediterrán térség földrajzát oktatja.  A Párizs 8, az Urbinói, illetve a Bolognai Egyetem által koordinált Atlas des bords méditerranéens nemzetközi projekt kutató társvezetője. Vendégprofesszorként tevékenykedik a vancouveri British Columbia Egyetem Művészeti&hellip;
