{"version":"1.0","provider_name":"iASK - Fels\u0151bbfok\u00fa Tanulm\u00e1nyok Int\u00e9zete, K\u0151szeg","provider_url":"https:\/\/archive.iask.hu\/hu","author_name":"Bal\u00e1zs Heged\u0171s","author_url":"https:\/\/archive.iask.hu\/hu\/author\/balazs-hegedus\/","title":"Teles, Filipe - iASK - Fels\u0151bbfok\u00fa Tanulm\u00e1nyok Int\u00e9zete, K\u0151szeg","type":"rich","width":600,"height":338,"html":"<blockquote class=\"wp-embedded-content\" data-secret=\"z0MfpLk1i1\"><a href=\"https:\/\/archive.iask.hu\/hu\/people\/teles-filipe\/\">Teles Filipe<\/a><\/blockquote><iframe sandbox=\"allow-scripts\" security=\"restricted\" src=\"https:\/\/archive.iask.hu\/hu\/people\/teles-filipe\/embed\/#?secret=z0MfpLk1i1\" width=\"600\" height=\"338\" title=\"&#8220;Teles Filipe&#8221; &#8212; iASK - Fels\u0151bbfok\u00fa Tanulm\u00e1nyok Int\u00e9zete, K\u0151szeg\" data-secret=\"z0MfpLk1i1\" frameborder=\"0\" marginwidth=\"0\" marginheight=\"0\" scrolling=\"no\" class=\"wp-embedded-content\"><\/iframe><script type=\"text\/javascript\">\n\/* <![CDATA[ *\/\n\/*! This file is auto-generated *\/\n!function(d,l){\"use strict\";l.querySelector&&d.addEventListener&&\"undefined\"!=typeof URL&&(d.wp=d.wp||{},d.wp.receiveEmbedMessage||(d.wp.receiveEmbedMessage=function(e){var t=e.data;if((t||t.secret||t.message||t.value)&&!\/[^a-zA-Z0-9]\/.test(t.secret)){for(var s,r,n,a=l.querySelectorAll('iframe[data-secret=\"'+t.secret+'\"]'),o=l.querySelectorAll('blockquote[data-secret=\"'+t.secret+'\"]'),c=new RegExp(\"^https?:$\",\"i\"),i=0;i<o.length;i++)o[i].style.display=\"none\";for(i=0;i<a.length;i++)s=a[i],e.source===s.contentWindow&&(s.removeAttribute(\"style\"),\"height\"===t.message?(1e3<(r=parseInt(t.value,10))?r=1e3:~~r<200&&(r=200),s.height=r):\"link\"===t.message&&(r=new URL(s.getAttribute(\"src\")),n=new URL(t.value),c.test(n.protocol))&&n.host===r.host&&l.activeElement===s&&(d.top.location.href=t.value))}},d.addEventListener(\"message\",d.wp.receiveEmbedMessage,!1),l.addEventListener(\"DOMContentLoaded\",function(){for(var e,t,s=l.querySelectorAll(\"iframe.wp-embedded-content\"),r=0;r<s.length;r++)(t=(e=s[r]).getAttribute(\"data-secret\"))||(t=Math.random().toString(36).substring(2,12),e.src+=\"#?secret=\"+t,e.setAttribute(\"data-secret\",t)),e.contentWindow.postMessage({message:\"ready\",secret:t},\"*\")},!1)))}(window,document);\n\/* ]]> *\/\n<\/script>\n","thumbnail_url":"http:\/\/archive.iask.hu\/wp-content\/uploads\/2018\/08\/teles.jpg","thumbnail_width":418,"thumbnail_height":504,"description":"[vc_row][vc_column width=&#8221;1\/3&#8243;][vc_column_text][\/vc_column_text][\/vc_column][vc_column width=&#8221;2\/3&#8243;][vc_column_text] \u00c9letrajz Teles, Filipe (vice rector, Universidade de Aveiro, Portugal)\u00a0is a political scientist and assistant professor in the Department of Social, Political and Territorial Sciences at the University of Aveiro, Portugal, where he teaches courses in the fields of public policy and political science. He is working as Prorector for Regional Development and&hellip;"}

iASK - Felsőbbfokú Tanulmányok Intézete, Kőszeg

Balázs Hegedűs

Teles, Filipe - iASK - Felsőbbfokú Tanulmányok Intézete, Kőszeg

<blockquote class="wp-embedded-content" data-secret="z0MfpLk1i1"><a href="https://archive.iask.hu/hu/people/teles-filipe/">Teles Filipe</a></blockquote><iframe sandbox="allow-scripts" security="restricted" src="https://archive.iask.hu/hu/people/teles-filipe/embed/#?secret=z0MfpLk1i1" width="600" height="338" title="&#8220;Teles Filipe&#8221; &#8212; iASK - Felsőbbfokú Tanulmányok Intézete, Kőszeg" data-secret="z0MfpLk1i1" frameborder="0" marginwidth="0" marginheight="0" scrolling="no" class="wp-embedded-content"></iframe><script type="text/javascript">
/* <![CDATA[ */
/*! This file is auto-generated */
!function(d,l){"use strict";l.querySelector&&d.addEventListener&&"undefined"!=typeof URL&&(d.wp=d.wp||{},d.wp.receiveEmbedMessage||(d.wp.receiveEmbedMessage=function(e){var t=e.data;if((t||t.secret||t.message||t.value)&&!/[^a-zA-Z0-9]/.test(t.secret)){for(var s,r,n,a=l.querySelectorAll('iframe[data-secret="'+t.secret+'"]'),o=l.querySelectorAll('blockquote[data-secret="'+t.secret+'"]'),c=new RegExp("^https?:$","i"),i=0;i<o.length;i++)o[i].style.display="none";for(i=0;i<a.length;i++)s=a[i],e.source===s.contentWindow&&(s.removeAttribute("style"),"height"===t.message?(1e3<(r=parseInt(t.value,10))?r=1e3:~~r<200&&(r=200),s.height=r):"link"===t.message&&(r=new URL(s.getAttribute("src")),n=new URL(t.value),c.test(n.protocol))&&n.host===r.host&&l.activeElement===s&&(d.top.location.href=t.value))}},d.addEventListener("message",d.wp.receiveEmbedMessage,!1),l.addEventListener("DOMContentLoaded",function(){for(var e,t,s=l.querySelectorAll("iframe.wp-embedded-content"),r=0;r<s.length;r++)(t=(e=s[r]).getAttribute("data-secret"))||(t=Math.random().toString(36).substring(2,12),e.src+="#?secret="+t,e.setAttribute("data-secret",t)),e.contentWindow.postMessage({message:"ready",secret:t},"*")},!1)))}(window,document);
/* ]]> */
</script>

[vc_row][vc_column width=&#8221;1/3&#8243;][vc_column_text][/vc_column_text][/vc_column][vc_column width=&#8221;2/3&#8243;][vc_column_text] Életrajz Teles, Filipe (vice rector, Universidade de Aveiro, Portugal) is a political scientist and assistant professor in the Department of Social, Political and Territorial Sciences at the University of Aveiro, Portugal, where he teaches courses in the fields of public policy and political science. He is working as Prorector for Regional Development and&hellip;
