{"version":"1.0","provider_name":"iASK - Fels\u0151bbfok\u00fa Tanulm\u00e1nyok Int\u00e9zete, K\u0151szeg","provider_url":"https:\/\/archive.iask.hu\/hu","author_name":"Bal\u00e1zs Heged\u0171s","author_url":"https:\/\/archive.iask.hu\/hu\/author\/balazs-hegedus\/","title":"Mizsei Zolt\u00e1n: Passage \u2013 K\u0151szeg hangz\u00f3 v\u00e1ros \u2013 KRAFT projekt - iASK - Fels\u0151bbfok\u00fa Tanulm\u00e1nyok Int\u00e9zete, K\u0151szeg","type":"rich","width":600,"height":338,"html":"<blockquote class=\"wp-embedded-content\" data-secret=\"FTHCNyVG3v\"><a href=\"https:\/\/archive.iask.hu\/hu\/video\/mizsei-zoltan-passage-koszeg-hangzo-varos-kraft-projekt\/\">Mizsei Zolt\u00e1n: Passage \u2013 K\u0151szeg hangz\u00f3 v\u00e1ros \u2013 KRAFT projekt<\/a><\/blockquote><iframe sandbox=\"allow-scripts\" security=\"restricted\" src=\"https:\/\/archive.iask.hu\/hu\/video\/mizsei-zoltan-passage-koszeg-hangzo-varos-kraft-projekt\/embed\/#?secret=FTHCNyVG3v\" width=\"600\" height=\"338\" title=\"&#8220;Mizsei Zolt\u00e1n: Passage \u2013 K\u0151szeg hangz\u00f3 v\u00e1ros \u2013 KRAFT projekt&#8221; &#8212; iASK - Fels\u0151bbfok\u00fa Tanulm\u00e1nyok Int\u00e9zete, K\u0151szeg\" data-secret=\"FTHCNyVG3v\" frameborder=\"0\" marginwidth=\"0\" marginheight=\"0\" scrolling=\"no\" class=\"wp-embedded-content\"><\/iframe><script type=\"text\/javascript\">\n\/* <![CDATA[ *\/\n\/*! This file is auto-generated *\/\n!function(d,l){\"use strict\";l.querySelector&&d.addEventListener&&\"undefined\"!=typeof URL&&(d.wp=d.wp||{},d.wp.receiveEmbedMessage||(d.wp.receiveEmbedMessage=function(e){var t=e.data;if((t||t.secret||t.message||t.value)&&!\/[^a-zA-Z0-9]\/.test(t.secret)){for(var s,r,n,a=l.querySelectorAll('iframe[data-secret=\"'+t.secret+'\"]'),o=l.querySelectorAll('blockquote[data-secret=\"'+t.secret+'\"]'),c=new RegExp(\"^https?:$\",\"i\"),i=0;i<o.length;i++)o[i].style.display=\"none\";for(i=0;i<a.length;i++)s=a[i],e.source===s.contentWindow&&(s.removeAttribute(\"style\"),\"height\"===t.message?(1e3<(r=parseInt(t.value,10))?r=1e3:~~r<200&&(r=200),s.height=r):\"link\"===t.message&&(r=new URL(s.getAttribute(\"src\")),n=new URL(t.value),c.test(n.protocol))&&n.host===r.host&&l.activeElement===s&&(d.top.location.href=t.value))}},d.addEventListener(\"message\",d.wp.receiveEmbedMessage,!1),l.addEventListener(\"DOMContentLoaded\",function(){for(var e,t,s=l.querySelectorAll(\"iframe.wp-embedded-content\"),r=0;r<s.length;r++)(t=(e=s[r]).getAttribute(\"data-secret\"))||(t=Math.random().toString(36).substring(2,12),e.src+=\"#?secret=\"+t,e.setAttribute(\"data-secret\",t)),e.contentWindow.postMessage({message:\"ready\",secret:t},\"*\")},!1)))}(window,document);\n\/* ]]> *\/\n<\/script>\n","thumbnail_url":"http:\/\/archive.iask.hu\/wp-content\/uploads\/2017\/12\/2017-12-19-ltDfpB8HBZ0.jpg","thumbnail_width":480,"thumbnail_height":360,"description":"HU Hallod, hogy hangzik a v\u00e1ros? Mizsei Zolt\u00e1n, hangm\u0171v\u00e9sz, a Fels\u0151bbfok\u00fa Tanulm\u00e1nyok Int\u00e9zet\u00e9nek kutat\u00f3ja, a Kreat\u00edv zenei kutat\u00e1si program koordin\u00e1tora &#8222;megzen\u00e9s\u00edtette&#8221; a k\u0151szegi Jurisics teret \u00e9s a Chernel utc\u00e1t \u00f6sszek\u00f6t\u0151 passage-t. EN Can you hear how the city sounds? Zolt\u00e1n Mizsei, soundartist, reseracher of the Institute of Advanced Studies K\u0151szeg (iASK), the coordinator of the&hellip;"}

iASK - Felsőbbfokú Tanulmányok Intézete, Kőszeg

Balázs Hegedűs

Mizsei Zoltán: Passage – Kőszeg hangzó város – KRAFT projekt - iASK - Felsőbbfokú Tanulmányok Intézete, Kőszeg

<blockquote class="wp-embedded-content" data-secret="FTHCNyVG3v"><a href="https://archive.iask.hu/hu/video/mizsei-zoltan-passage-koszeg-hangzo-varos-kraft-projekt/">Mizsei Zoltán: Passage – Kőszeg hangzó város – KRAFT projekt</a></blockquote><iframe sandbox="allow-scripts" security="restricted" src="https://archive.iask.hu/hu/video/mizsei-zoltan-passage-koszeg-hangzo-varos-kraft-projekt/embed/#?secret=FTHCNyVG3v" width="600" height="338" title="&#8220;Mizsei Zoltán: Passage – Kőszeg hangzó város – KRAFT projekt&#8221; &#8212; iASK - Felsőbbfokú Tanulmányok Intézete, Kőszeg" data-secret="FTHCNyVG3v" frameborder="0" marginwidth="0" marginheight="0" scrolling="no" class="wp-embedded-content"></iframe><script type="text/javascript">
/* <![CDATA[ */
/*! This file is auto-generated */
!function(d,l){"use strict";l.querySelector&&d.addEventListener&&"undefined"!=typeof URL&&(d.wp=d.wp||{},d.wp.receiveEmbedMessage||(d.wp.receiveEmbedMessage=function(e){var t=e.data;if((t||t.secret||t.message||t.value)&&!/[^a-zA-Z0-9]/.test(t.secret)){for(var s,r,n,a=l.querySelectorAll('iframe[data-secret="'+t.secret+'"]'),o=l.querySelectorAll('blockquote[data-secret="'+t.secret+'"]'),c=new RegExp("^https?:$","i"),i=0;i<o.length;i++)o[i].style.display="none";for(i=0;i<a.length;i++)s=a[i],e.source===s.contentWindow&&(s.removeAttribute("style"),"height"===t.message?(1e3<(r=parseInt(t.value,10))?r=1e3:~~r<200&&(r=200),s.height=r):"link"===t.message&&(r=new URL(s.getAttribute("src")),n=new URL(t.value),c.test(n.protocol))&&n.host===r.host&&l.activeElement===s&&(d.top.location.href=t.value))}},d.addEventListener("message",d.wp.receiveEmbedMessage,!1),l.addEventListener("DOMContentLoaded",function(){for(var e,t,s=l.querySelectorAll("iframe.wp-embedded-content"),r=0;r<s.length;r++)(t=(e=s[r]).getAttribute("data-secret"))||(t=Math.random().toString(36).substring(2,12),e.src+="#?secret="+t,e.setAttribute("data-secret",t)),e.contentWindow.postMessage({message:"ready",secret:t},"*")},!1)))}(window,document);
/* ]]> */
</script>

HU Hallod, hogy hangzik a város? Mizsei Zoltán, hangművész, a Felsőbbfokú Tanulmányok Intézetének kutatója, a Kreatív zenei kutatási program koordinátora &#8222;megzenésítette&#8221; a kőszegi Jurisics teret és a Chernel utcát összekötő passage-t. EN Can you hear how the city sounds? Zoltán Mizsei, soundartist, reseracher of the Institute of Advanced Studies Kőszeg (iASK), the coordinator of the&hellip;
